{"id":448,"date":"2020-11-09T15:06:17","date_gmt":"2020-11-09T15:06:17","guid":{"rendered":"http:\/\/wp.gaststaette-oechsner.de\/?page_id=448"},"modified":"2023-11-09T11:32:16","modified_gmt":"2023-11-09T11:32:16","slug":"salate","status":"publish","type":"page","link":"http:\/\/wp.gaststaette-oechsner.de\/?page_id=448","title":{"rendered":"Salate"},"content":{"rendered":"<p><img decoding=\"async\" loading=\"lazy\" class=\"alignleft wp-image-427\" src=\"http:\/\/wp.gaststaette-oechsner.de\/wp-content\/uploads\/2020\/11\/oechsner-head2.png\" alt=\"\" width=\"396\" height=\"72\" srcset=\"http:\/\/wp.gaststaette-oechsner.de\/wp-content\/uploads\/2020\/11\/oechsner-head2.png 800w, http:\/\/wp.gaststaette-oechsner.de\/wp-content\/uploads\/2020\/11\/oechsner-head2-300x54.png 300w, http:\/\/wp.gaststaette-oechsner.de\/wp-content\/uploads\/2020\/11\/oechsner-head2-768x139.png 768w\" sizes=\"(max-width: 396px) 100vw, 396px\" \/><\/p>\n<table style=\"width: 100%;\">\n<tbody>\n<tr>\n<td><strong>Tomatensalat<\/strong> mit Schafsk\u00e4se<\/td>\n<td style=\"text-align: right;\">5,20 \u20ac<\/td>\n<\/tr>\n<tr>\n<td><strong>Tomate<\/strong> mit Mozzarella und Basilikum<\/td>\n<td style=\"text-align: right;\">5,20 \u20ac<\/td>\n<\/tr>\n<tr>\n<td><strong>Gro\u00dfer Salatteller<\/strong> mit H\u00e4hnchenbruststreifen<br \/>\n(Blattsalat, Tomate, Gurke, Wei\u00dfkraut, Paprika &amp; Mais)<\/td>\n<td style=\"text-align: right;\">7,80 \u20ac<\/td>\n<\/tr>\n<tr>\n<td><strong>Gro\u00dfer Salatteller<\/strong> mit gek. Schinken (4) und gek. Ei<br \/>\n(Blattsalat, Tomate, Gurke, Wei\u00dfkraut, Paprika &amp; Mais)<\/td>\n<td style=\"text-align: right;\">7,80 \u20ac<\/td>\n<\/tr>\n<tr>\n<td><strong>Kleiner Salatteller<\/strong> mit Camembertk\u00e4se<br \/>\n(Blattsalat, Tomate, Gurke &amp; Wei\u00dfkraut)<\/td>\n<td style=\"text-align: right;\">4,95 \u20ac<\/td>\n<\/tr>\n<tr>\n<td><strong>Kleiner Salatteller<\/strong><\/td>\n<td style=\"text-align: right;\">4,70 \u20ac<\/td>\n<\/tr>\n<tr>\n<td><\/td>\n<td><\/td>\n<\/tr>\n<tr>\n<td><\/td>\n<td><\/td>\n<\/tr>\n<tr>\n<td><\/td>\n<td><\/td>\n<\/tr>\n<tr>\n<td><\/td>\n<td><\/td>\n<\/tr>\n<tr>\n<td><\/td>\n<td><\/td>\n<\/tr>\n<tr>\n<td><\/td>\n<td><\/td>\n<\/tr>\n<tr>\n<td><\/td>\n<td><\/td>\n<\/tr>\n<tr>\n<td><\/td>\n<td><\/td>\n<\/tr>\n<tr>\n<td><\/td>\n<td><\/td>\n<\/tr>\n<tr>\n<td><\/td>\n<td><\/td>\n<\/tr>\n<tr>\n<td><\/td>\n<td><\/td>\n<\/tr>\n<tr>\n<td><\/td>\n<td><\/td>\n<\/tr>\n<tr>\n<td><\/td>\n<td><\/td>\n<\/tr>\n<tr>\n<td><\/td>\n<td><\/td>\n<\/tr>\n<\/tbody>\n<\/table>\n<p style=\"text-align: center;\"><em><strong>Alle unsere Salate sind nach \u201eHausmannsart\u201c mit Zwiebel, Essig, \u00d6l, Kr\u00e4utern, Salz, Pfeffer &amp; Zucker angemacht.<\/strong><\/em><\/p>\n<p><img decoding=\"async\" loading=\"lazy\" class=\"alignleft wp-image-442\" src=\"http:\/\/wp.gaststaette-oechsner.de\/wp-content\/uploads\/2020\/11\/oechsner-foot2.png\" alt=\"\" width=\"396\" height=\"44\" srcset=\"http:\/\/wp.gaststaette-oechsner.de\/wp-content\/uploads\/2020\/11\/oechsner-foot2.png 800w, http:\/\/wp.gaststaette-oechsner.de\/wp-content\/uploads\/2020\/11\/oechsner-foot2-300x33.png 300w, http:\/\/wp.gaststaette-oechsner.de\/wp-content\/uploads\/2020\/11\/oechsner-foot2-768x85.png 768w\" sizes=\"(max-width: 396px) 100vw, 396px\" \/><\/p>\n","protected":false},"excerpt":{"rendered":"<p>Tomatensalat mit Schafsk\u00e4se 5,20 \u20ac Tomate mit Mozzarella und Basilikum 5,20 \u20ac Gro\u00dfer Salatteller mit H\u00e4hnchenbruststreifen (Blattsalat, Tomate, Gurke, Wei\u00dfkraut, Paprika &amp; Mais) 7,80 \u20ac Gro\u00dfer Salatteller mit gek. Schinken (4) und gek. Ei (Blattsalat, Tomate, Gurke, Wei\u00dfkraut, Paprika &amp; Mais) 7,80 \u20ac Kleiner Salatteller mit Camembertk\u00e4se (Blattsalat, Tomate, Gurke &amp; Wei\u00dfkraut) 4,95 \u20ac Kleiner [&hellip;]<\/p>\n","protected":false},"author":2,"featured_media":0,"parent":437,"menu_order":2,"comment_status":"closed","ping_status":"closed","template":"","meta":[],"_links":{"self":[{"href":"http:\/\/wp.gaststaette-oechsner.de\/index.php?rest_route=\/wp\/v2\/pages\/448"}],"collection":[{"href":"http:\/\/wp.gaststaette-oechsner.de\/index.php?rest_route=\/wp\/v2\/pages"}],"about":[{"href":"http:\/\/wp.gaststaette-oechsner.de\/index.php?rest_route=\/wp\/v2\/types\/page"}],"author":[{"embeddable":true,"href":"http:\/\/wp.gaststaette-oechsner.de\/index.php?rest_route=\/wp\/v2\/users\/2"}],"replies":[{"embeddable":true,"href":"http:\/\/wp.gaststaette-oechsner.de\/index.php?rest_route=%2Fwp%2Fv2%2Fcomments&post=448"}],"version-history":[{"count":13,"href":"http:\/\/wp.gaststaette-oechsner.de\/index.php?rest_route=\/wp\/v2\/pages\/448\/revisions"}],"predecessor-version":[{"id":769,"href":"http:\/\/wp.gaststaette-oechsner.de\/index.php?rest_route=\/wp\/v2\/pages\/448\/revisions\/769"}],"up":[{"embeddable":true,"href":"http:\/\/wp.gaststaette-oechsner.de\/index.php?rest_route=\/wp\/v2\/pages\/437"}],"wp:attachment":[{"href":"http:\/\/wp.gaststaette-oechsner.de\/index.php?rest_route=%2Fwp%2Fv2%2Fmedia&parent=448"}],"curies":[{"name":"wp","href":"https:\/\/api.w.org\/{rel}","templated":true}]}}

<p><img decoding="async" loading="lazy" class="alignleft wp-image-427" src="http://wp.gaststaette-oechsner.de/wp-content/uploads/2020/11/oechsner-head2.png" alt="" width="396" height="72" srcset="http://wp.gaststaette-oechsner.de/wp-content/uploads/2020/11/oechsner-head2.png 800w, http://wp.gaststaette-oechsner.de/wp-content/uploads/2020/11/oechsner-head2-300x54.png 300w, http://wp.gaststaette-oechsner.de/wp-content/uploads/2020/11/oechsner-head2-768x139.png 768w" sizes="(max-width: 396px) 100vw, 396px" /></p>
<table style="width: 100%;">
<tbody>
<tr>
<td><strong>Tomatensalat</strong> mit Schafskäse</td>
<td style="text-align: right;">5,20 €</td>
</tr>
<tr>
<td><strong>Tomate</strong> mit Mozzarella und Basilikum</td>
<td style="text-align: right;">5,20 €</td>
</tr>
<tr>
<td><strong>Großer Salatteller</strong> mit Hähnchenbruststreifen<br />
(Blattsalat, Tomate, Gurke, Weißkraut, Paprika &amp; Mais)</td>
<td style="text-align: right;">7,80 €</td>
</tr>
<tr>
<td><strong>Großer Salatteller</strong> mit gek. Schinken (4) und gek. Ei<br />
(Blattsalat, Tomate, Gurke, Weißkraut, Paprika &amp; Mais)</td>
<td style="text-align: right;">7,80 €</td>
</tr>
<tr>
<td><strong>Kleiner Salatteller</strong> mit Camembertkäse<br />
(Blattsalat, Tomate, Gurke &amp; Weißkraut)</td>
<td style="text-align: right;">4,95 €</td>
</tr>
<tr>
<td><strong>Kleiner Salatteller</strong></td>
<td style="text-align: right;">4,70 €</td>
</tr>
<tr>
<td></td>
<td></td>
</tr>
<tr>
<td></td>
<td></td>
</tr>
<tr>
<td></td>
<td></td>
</tr>
<tr>
<td></td>
<td></td>
</tr>
<tr>
<td></td>
<td></td>
</tr>
<tr>
<td></td>
<td></td>
</tr>
<tr>
<td></td>
<td></td>
</tr>
<tr>
<td></td>
<td></td>
</tr>
<tr>
<td></td>
<td></td>
</tr>
<tr>
<td></td>
<td></td>
</tr>
<tr>
<td></td>
<td></td>
</tr>
<tr>
<td></td>
<td></td>
</tr>
<tr>
<td></td>
<td></td>
</tr>
<tr>
<td></td>
<td></td>
</tr>
</tbody>
</table>
<p style="text-align: center;"><em><strong>Alle unsere Salate sind nach „Hausmannsart“ mit Zwiebel, Essig, Öl, Kräutern, Salz, Pfeffer &amp; Zucker angemacht.</strong></em></p>
<p><img decoding="async" loading="lazy" class="alignleft wp-image-442" src="http://wp.gaststaette-oechsner.de/wp-content/uploads/2020/11/oechsner-foot2.png" alt="" width="396" height="44" srcset="http://wp.gaststaette-oechsner.de/wp-content/uploads/2020/11/oechsner-foot2.png 800w, http://wp.gaststaette-oechsner.de/wp-content/uploads/2020/11/oechsner-foot2-300x33.png 300w, http://wp.gaststaette-oechsner.de/wp-content/uploads/2020/11/oechsner-foot2-768x85.png 768w" sizes="(max-width: 396px) 100vw, 396px" /></p>

<p>Tomatensalat mit Schafskäse 5,20 € Tomate mit Mozzarella und Basilikum 5,20 € Großer Salatteller mit Hähnchenbruststreifen (Blattsalat, Tomate, Gurke, Weißkraut, Paprika &amp; Mais) 7,80 € Großer Salatteller mit gek. Schinken (4) und gek. Ei (Blattsalat, Tomate, Gurke, Weißkraut, Paprika &amp; Mais) 7,80 € Kleiner Salatteller mit Camembertkäse (Blattsalat, Tomate, Gurke &amp; Weißkraut) 4,95 € Kleiner [&hellip;]</p>
