{"id":48,"date":"2011-03-24T21:29:14","date_gmt":"2011-03-24T20:29:14","guid":{"rendered":"http:\/\/localhost\/gaststaette-oechsner.de\/?page_id=48"},"modified":"2011-06-21T15:18:31","modified_gmt":"2011-06-21T15:18:31","slug":"miniwelt-und-kosmos","status":"publish","type":"page","link":"http:\/\/wp.gaststaette-oechsner.de\/?page_id=48","title":{"rendered":"Miniwelt und -kosmos"},"content":{"rendered":"<p style=\"text-align: justify;\">Die  Miniwelt ist ein 1999 gegr\u00fcndeter Miniaturpark der seitdem bereits \u00fcber 1  Million Besucher anlockte. Der Park zeigt auf einer Fl\u00e4che von \u00fcber  40.000 m\u00b2 deutlich \u00fcber einhundert Modelle von ber\u00fchmten Bauwerken im  Ma\u00dfstab 1:25. Darunter sind neben dem Berliner Fernsehturm, der Dresdner  Frauenkirche, dem V\u00f6lkerschlachtdenkmal, dem  Taj Mahal und dem  Eiffelturm noch viele weitere Modelle, die vorwiegend aus  Naturmaterialen hergestellt werden. Ein Besuch lohnt sich auf jeden  Fall.<\/p>\n<div id=\"attachment_101\" style=\"width: 200px\" class=\"wp-caption aligncenter\"><a href=\"http:\/\/www.miniwelt.de\/\" target=\"_blank\"><img aria-describedby=\"caption-attachment-101\" decoding=\"async\" loading=\"lazy\" class=\"size-full wp-image-101 \" title=\"Die Dresdner Frauenkirche in der Miniwelt\" src=\"http:\/\/wp.gaststaette-oechsner.de\/wp-content\/uploads\/2011\/03\/miniwelt_frauenkirche.jpg\" alt=\"Die Dresdner Frauenkirche in der Miniwelt\" width=\"190\" height=\"256\" \/><\/a><p id=\"caption-attachment-101\" class=\"wp-caption-text\">Die Dresdner Frauenkirche in der Miniwelt<\/p><\/div>\n<p style=\"text-align: justify;\">Wem  das alles noch nicht ausreicht, findet direkt am Eingang der Miniwelt  auch noch den Minikosmos, der seit Anfang 2007 eine sch\u00f6ne Erg\u00e4nzung  darstellt. Gezeigt werden insgesamt zehn Programme, die von Musik bis  Wissenschaft alles bieten.\u00a0 Die Innenkuppel des Planetariums hat einen  Durchmesser von 12 Metern.\u00a0 Je nach Programm kommt ein ZKP4 von Zeiss  f\u00fcr die Projektion des Sternenhimmels f\u00fcr jeden Beobachtungsort und f\u00fcr  jede Zeit oder das Powerdom-System zum Einsatz mit dem Filme mit Hilfe  von f\u00fcnf Beamern als 360\u00b0-Filme auf die Kuppel projiziert werden. Das  Planetarium bietet Platz f\u00fcr circa 70 Personen.<\/p>\n<p style=\"text-align: justify;\">Erreichen k\u00f6nnen Sie die nur knapp 2 km entfernte Miniwelt in wenigen Minuten mit dem PKW oder auch in etwa einer halben Stunde zu Fu\u00df.<\/p>\n<div id=\"attachment_103\" style=\"width: 410px\" class=\"wp-caption aligncenter\"><a href=\"http:\/\/maps.google.de\/maps?f=d&amp;source=s_d&amp;saddr=Lichtensteiner+Str.+13+09394+Hohndorf&amp;daddr=Chemnitzer+Stra%C3%9Fe+43,+09350+Lichtenstein%2FSa.+(Am+Tor+zur+Welt+in+der+Miniwelt)&amp;hl=de&amp;geocode=FdxgBgMd0iDBACk3ZiekXTGnRzG82T89ccy9AQ%3BFQCNBgMd9OXAACHUq2BNM0q5EQ&amp;mra=pd&amp;sll=50.771185,12.641613&amp;sspn=0.066114,0.181789&amp;ie=UTF8&amp;ll=50.753672,12.650843&amp;spn=0.016535,0.045447&amp;t=h&amp;z=15\" target=\"_blank\"><img aria-describedby=\"caption-attachment-103\" decoding=\"async\" loading=\"lazy\" class=\"size-full wp-image-103 \" title=\"Route zur Miniwelt\" src=\"http:\/\/wp.gaststaette-oechsner.de\/wp-content\/uploads\/2011\/03\/route_miniwelt.jpg\" alt=\"Route zur Miniwelt\" width=\"400\" height=\"416\" srcset=\"http:\/\/wp.gaststaette-oechsner.de\/wp-content\/uploads\/2011\/03\/route_miniwelt.jpg 400w, http:\/\/wp.gaststaette-oechsner.de\/wp-content\/uploads\/2011\/03\/route_miniwelt-288x300.jpg 288w\" sizes=\"(max-width: 400px) 100vw, 400px\" \/><\/a><p id=\"caption-attachment-103\" class=\"wp-caption-text\">Route zur Miniwelt<\/p><\/div>\n<pre>\r\n<pre>Quellen:\r\n - de.wikipedia.org\/wiki\/Miniwelt\r\n - maps.google.de<\/pre>\n","protected":false},"excerpt":{"rendered":"<p>Die Miniwelt ist ein 1999 gegr\u00fcndeter Miniaturpark der seitdem bereits \u00fcber 1 Million Besucher anlockte. Der Park zeigt auf einer Fl\u00e4che von \u00fcber 40.000 m\u00b2 deutlich \u00fcber einhundert Modelle von ber\u00fchmten Bauwerken im Ma\u00dfstab 1:25. Darunter sind neben dem Berliner Fernsehturm, der Dresdner Frauenkirche, dem V\u00f6lkerschlachtdenkmal, dem Taj Mahal und dem Eiffelturm noch viele weitere [&hellip;]<\/p>\n","protected":false},"author":2,"featured_media":0,"parent":39,"menu_order":10,"comment_status":"open","ping_status":"open","template":"","meta":[],"_links":{"self":[{"href":"http:\/\/wp.gaststaette-oechsner.de\/index.php?rest_route=\/wp\/v2\/pages\/48"}],"collection":[{"href":"http:\/\/wp.gaststaette-oechsner.de\/index.php?rest_route=\/wp\/v2\/pages"}],"about":[{"href":"http:\/\/wp.gaststaette-oechsner.de\/index.php?rest_route=\/wp\/v2\/types\/page"}],"author":[{"embeddable":true,"href":"http:\/\/wp.gaststaette-oechsner.de\/index.php?rest_route=\/wp\/v2\/users\/2"}],"replies":[{"embeddable":true,"href":"http:\/\/wp.gaststaette-oechsner.de\/index.php?rest_route=%2Fwp%2Fv2%2Fcomments&post=48"}],"version-history":[{"count":5,"href":"http:\/\/wp.gaststaette-oechsner.de\/index.php?rest_route=\/wp\/v2\/pages\/48\/revisions"}],"predecessor-version":[{"id":102,"href":"http:\/\/wp.gaststaette-oechsner.de\/index.php?rest_route=\/wp\/v2\/pages\/48\/revisions\/102"}],"up":[{"embeddable":true,"href":"http:\/\/wp.gaststaette-oechsner.de\/index.php?rest_route=\/wp\/v2\/pages\/39"}],"wp:attachment":[{"href":"http:\/\/wp.gaststaette-oechsner.de\/index.php?rest_route=%2Fwp%2Fv2%2Fmedia&parent=48"}],"curies":[{"name":"wp","href":"https:\/\/api.w.org\/{rel}","templated":true}]}}