{"id":622,"date":"2020-11-12T08:49:32","date_gmt":"2020-11-12T08:49:32","guid":{"rendered":"http:\/\/wp.gaststaette-oechsner.de\/?page_id=622"},"modified":"2021-01-29T15:14:02","modified_gmt":"2021-01-29T15:14:02","slug":"hinweise","status":"publish","type":"page","link":"http:\/\/wp.gaststaette-oechsner.de\/?page_id=622","title":{"rendered":"Hinweise"},"content":{"rendered":"<p><img decoding=\"async\" loading=\"lazy\" class=\"alignleft wp-image-427\" src=\"http:\/\/wp.gaststaette-oechsner.de\/wp-content\/uploads\/2020\/11\/oechsner-head2.png\" alt=\"\" width=\"396\" height=\"72\" srcset=\"http:\/\/wp.gaststaette-oechsner.de\/wp-content\/uploads\/2020\/11\/oechsner-head2.png 800w, http:\/\/wp.gaststaette-oechsner.de\/wp-content\/uploads\/2020\/11\/oechsner-head2-300x54.png 300w, http:\/\/wp.gaststaette-oechsner.de\/wp-content\/uploads\/2020\/11\/oechsner-head2-768x139.png 768w\" sizes=\"(max-width: 396px) 100vw, 396px\" \/><\/p>\n<table style=\"width: 100%;\">\n<tbody>\n<tr>\n<td>Alle unsere Salate sind nach \u201eHausmannsart\u201c mit Zwiebel, Essig, \u00d6l, Kr\u00e4utern, Salz, Pfeffer &amp; Zucker angemacht.<\/td>\n<td><\/td>\n<\/tr>\n<tr>\n<td>Auf Anfrage sind viele Speisen auch als Seniorengericht oder auch als Kindergericht erh\u00e4ltlich.<\/td>\n<td><\/td>\n<\/tr>\n<tr>\n<td>F\u00fcr Beilagen\u00e4nderungen berechnen wir 1,- \u20ac.<\/td>\n<td><\/td>\n<\/tr>\n<tr>\n<td>Unsere Auswahl an Eisbechern finden Sie in der gesonderten Eiskarte.<\/td>\n<td><\/td>\n<\/tr>\n<tr>\n<td>Wir akzeptieren keine Kartenzahlung und bitten um Verst\u00e4ndnis.<\/td>\n<td><\/td>\n<\/tr>\n<tr>\n<td>Warme K\u00fcche von 11:00 &#8211; 14:00 sowie ab 17:00 Uhr<\/td>\n<td><\/td>\n<\/tr>\n<tr>\n<td><\/td>\n<td><\/td>\n<\/tr>\n<tr>\n<td><\/td>\n<td><\/td>\n<\/tr>\n<tr>\n<td><\/td>\n<td><\/td>\n<\/tr>\n<tr>\n<td><\/td>\n<td><\/td>\n<\/tr>\n<tr>\n<td><\/td>\n<td><\/td>\n<\/tr>\n<tr>\n<td><\/td>\n<td><\/td>\n<\/tr>\n<tr>\n<td><\/td>\n<td><\/td>\n<\/tr>\n<tr>\n<td><\/td>\n<td><\/td>\n<\/tr>\n<tr>\n<td><\/td>\n<td><\/td>\n<\/tr>\n<tr>\n<td><\/td>\n<td><\/td>\n<\/tr>\n<tr>\n<td><\/td>\n<td><\/td>\n<\/tr>\n<tr>\n<td><\/td>\n<td><\/td>\n<\/tr>\n<tr>\n<td><img decoding=\"async\" loading=\"lazy\" class=\"alignnone wp-image-626 size-medium\" src=\"http:\/\/wp.gaststaette-oechsner.de\/wp-content\/uploads\/2020\/11\/oechsner-foto-gastraum-300x208.png\" alt=\"\" width=\"300\" height=\"208\" srcset=\"http:\/\/wp.gaststaette-oechsner.de\/wp-content\/uploads\/2020\/11\/oechsner-foto-gastraum-300x208.png 300w, http:\/\/wp.gaststaette-oechsner.de\/wp-content\/uploads\/2020\/11\/oechsner-foto-gastraum-768x532.png 768w, http:\/\/wp.gaststaette-oechsner.de\/wp-content\/uploads\/2020\/11\/oechsner-foto-gastraum.png 800w\" sizes=\"(max-width: 300px) 100vw, 300px\" \/><\/td>\n<td><\/td>\n<\/tr>\n<tr>\n<td><\/td>\n<td><\/td>\n<\/tr>\n<\/tbody>\n<\/table>\n<p><img decoding=\"async\" loading=\"lazy\" class=\"alignleft wp-image-442\" src=\"http:\/\/wp.gaststaette-oechsner.de\/wp-content\/uploads\/2020\/11\/oechsner-foot2.png\" alt=\"\" width=\"396\" height=\"44\" srcset=\"http:\/\/wp.gaststaette-oechsner.de\/wp-content\/uploads\/2020\/11\/oechsner-foot2.png 800w, http:\/\/wp.gaststaette-oechsner.de\/wp-content\/uploads\/2020\/11\/oechsner-foot2-300x33.png 300w, http:\/\/wp.gaststaette-oechsner.de\/wp-content\/uploads\/2020\/11\/oechsner-foot2-768x85.png 768w\" sizes=\"(max-width: 396px) 100vw, 396px\" \/><\/p>\n<p>&nbsp;<\/p>\n<p>&nbsp;<\/p>\n","protected":false},"excerpt":{"rendered":"<p>Alle unsere Salate sind nach \u201eHausmannsart\u201c mit Zwiebel, Essig, \u00d6l, Kr\u00e4utern, Salz, Pfeffer &amp; Zucker angemacht. Auf Anfrage sind viele Speisen auch als Seniorengericht oder auch als Kindergericht erh\u00e4ltlich. F\u00fcr Beilagen\u00e4nderungen berechnen wir 1,- \u20ac. Unsere Auswahl an Eisbechern finden Sie in der gesonderten Eiskarte. Wir akzeptieren keine Kartenzahlung und bitten um Verst\u00e4ndnis. Warme K\u00fcche [&hellip;]<\/p>\n","protected":false},"author":2,"featured_media":0,"parent":437,"menu_order":28,"comment_status":"closed","ping_status":"closed","template":"","meta":[],"_links":{"self":[{"href":"http:\/\/wp.gaststaette-oechsner.de\/index.php?rest_route=\/wp\/v2\/pages\/622"}],"collection":[{"href":"http:\/\/wp.gaststaette-oechsner.de\/index.php?rest_route=\/wp\/v2\/pages"}],"about":[{"href":"http:\/\/wp.gaststaette-oechsner.de\/index.php?rest_route=\/wp\/v2\/types\/page"}],"author":[{"embeddable":true,"href":"http:\/\/wp.gaststaette-oechsner.de\/index.php?rest_route=\/wp\/v2\/users\/2"}],"replies":[{"embeddable":true,"href":"http:\/\/wp.gaststaette-oechsner.de\/index.php?rest_route=%2Fwp%2Fv2%2Fcomments&post=622"}],"version-history":[{"count":12,"href":"http:\/\/wp.gaststaette-oechsner.de\/index.php?rest_route=\/wp\/v2\/pages\/622\/revisions"}],"predecessor-version":[{"id":632,"href":"http:\/\/wp.gaststaette-oechsner.de\/index.php?rest_route=\/wp\/v2\/pages\/622\/revisions\/632"}],"up":[{"embeddable":true,"href":"http:\/\/wp.gaststaette-oechsner.de\/index.php?rest_route=\/wp\/v2\/pages\/437"}],"wp:attachment":[{"href":"http:\/\/wp.gaststaette-oechsner.de\/index.php?rest_route=%2Fwp%2Fv2%2Fmedia&parent=622"}],"curies":[{"name":"wp","href":"https:\/\/api.w.org\/{rel}","templated":true}]}}